{"id":80,"date":"2025-07-04T02:30:05","date_gmt":"2025-07-04T02:30:05","guid":{"rendered":"https:\/\/accentsst.com\/index.php\/contact\/"},"modified":"2026-04-22T23:10:40","modified_gmt":"2026-04-22T23:10:40","slug":"contact","status":"publish","type":"page","link":"https:\/\/accentsst.com\/index.php\/contact\/","title":{"rendered":"Contact"},"content":{"rendered":"\n\n","protected":false},"excerpt":{"rendered":"","protected":false},"author":1,"featured_media":0,"parent":0,"menu_order":0,"comment_status":"closed","ping_status":"closed","template":"full-width","meta":{"saved_in_kubio":true,"footnotes":""},"class_list":["post-80","page","type-page","status-publish","hentry"],"kubio_ai_page_context":{"short_desc":"","purpose":"general"},"yoast_head":"<!-- This site is optimized with the Yoast SEO plugin v27.5 - https:\/\/yoast.com\/product\/yoast-seo-wordpress\/ -->\n<title>Contact - ACCENT SST - FORMATION SST EN LIGNE<\/title>\n<meta name=\"description\" content=\"Contactez-nous pour des besoins en formation SST en ligne. Pr\u00e9cisez vos besoins de formation en sant\u00e9 et s\u00e9curit\u00e9 - R\u00e8glement du Qu\u00e9bec\" \/>\n<meta name=\"robots\" content=\"index, follow, max-snippet:-1, max-image-preview:large, max-video-preview:-1\" \/>\n<link rel=\"canonical\" href=\"https:\/\/accentsst.com\/index.php\/contact\/\" \/>\n<meta property=\"og:locale\" content=\"en_US\" \/>\n<meta property=\"og:type\" content=\"article\" \/>\n<meta property=\"og:title\" content=\"Contact - ACCENT SST - FORMATION SST EN LIGNE\" \/>\n<meta property=\"og:description\" content=\"Contactez-nous pour des besoins en formation SST en ligne. Pr\u00e9cisez vos besoins de formation en sant\u00e9 et s\u00e9curit\u00e9 - R\u00e8glement du Qu\u00e9bec\" \/>\n<meta property=\"og:url\" content=\"https:\/\/accentsst.com\/index.php\/contact\/\" \/>\n<meta property=\"og:site_name\" content=\"ACCENT SST\" \/>\n<meta property=\"article:modified_time\" content=\"2026-04-22T23:10:40+00:00\" \/>\n<meta name=\"twitter:card\" content=\"summary_large_image\" \/>\n<script type=\"application\/ld+json\" class=\"yoast-schema-graph\">{\"@context\":\"https:\\\/\\\/schema.org\",\"@graph\":[{\"@type\":\"WebPage\",\"@id\":\"https:\\\/\\\/accentsst.com\\\/index.php\\\/contact\\\/\",\"url\":\"https:\\\/\\\/accentsst.com\\\/index.php\\\/contact\\\/\",\"name\":\"Contact - ACCENT SST - FORMATION SST EN LIGNE\",\"isPartOf\":{\"@id\":\"https:\\\/\\\/accentsst.com\\\/#website\"},\"datePublished\":\"2025-07-04T02:30:05+00:00\",\"dateModified\":\"2026-04-22T23:10:40+00:00\",\"description\":\"Contactez-nous pour des besoins en formation SST en ligne. Pr\u00e9cisez vos besoins de formation en sant\u00e9 et s\u00e9curit\u00e9 - R\u00e8glement du Qu\u00e9bec\",\"breadcrumb\":{\"@id\":\"https:\\\/\\\/accentsst.com\\\/index.php\\\/contact\\\/#breadcrumb\"},\"inLanguage\":\"en-US\",\"potentialAction\":[{\"@type\":\"ReadAction\",\"target\":[\"https:\\\/\\\/accentsst.com\\\/index.php\\\/contact\\\/\"]}]},{\"@type\":\"BreadcrumbList\",\"@id\":\"https:\\\/\\\/accentsst.com\\\/index.php\\\/contact\\\/#breadcrumb\",\"itemListElement\":[{\"@type\":\"ListItem\",\"position\":1,\"name\":\"Accueil\",\"item\":\"https:\\\/\\\/accentsst.com\\\/\"},{\"@type\":\"ListItem\",\"position\":2,\"name\":\"Contact\"}]},{\"@type\":\"WebSite\",\"@id\":\"https:\\\/\\\/accentsst.com\\\/#website\",\"url\":\"https:\\\/\\\/accentsst.com\\\/\",\"name\":\"ACCENT SST\",\"description\":\"\",\"publisher\":{\"@id\":\"https:\\\/\\\/accentsst.com\\\/#organization\"},\"potentialAction\":[{\"@type\":\"SearchAction\",\"target\":{\"@type\":\"EntryPoint\",\"urlTemplate\":\"https:\\\/\\\/accentsst.com\\\/?s={search_term_string}\"},\"query-input\":{\"@type\":\"PropertyValueSpecification\",\"valueRequired\":true,\"valueName\":\"search_term_string\"}}],\"inLanguage\":\"en-US\"},{\"@type\":\"Organization\",\"@id\":\"https:\\\/\\\/accentsst.com\\\/#organization\",\"name\":\"ACCENT SST\",\"alternateName\":\"Accentsst\",\"url\":\"https:\\\/\\\/accentsst.com\\\/\",\"logo\":{\"@type\":\"ImageObject\",\"inLanguage\":\"en-US\",\"@id\":\"https:\\\/\\\/accentsst.com\\\/#\\\/schema\\\/logo\\\/image\\\/\",\"url\":\"https:\\\/\\\/accentsst.com\\\/wp-content\\\/uploads\\\/2026\\\/04\\\/Logo-horizontal.png\",\"contentUrl\":\"https:\\\/\\\/accentsst.com\\\/wp-content\\\/uploads\\\/2026\\\/04\\\/Logo-horizontal.png\",\"width\":500,\"height\":250,\"caption\":\"ACCENT SST\"},\"image\":{\"@id\":\"https:\\\/\\\/accentsst.com\\\/#\\\/schema\\\/logo\\\/image\\\/\"},\"sameAs\":[\"https:\\\/\\\/www.linkedin.com\\\/company\\\/accent-sst\"]}]}<\/script>\n<!-- \/ Yoast SEO plugin. -->","yoast_head_json":{"title":"Contact - ACCENT SST - FORMATION SST EN LIGNE","description":"Contactez-nous pour des besoins en formation SST en ligne. Pr\u00e9cisez vos besoins de formation en sant\u00e9 et s\u00e9curit\u00e9 - R\u00e8glement du Qu\u00e9bec","robots":{"index":"index","follow":"follow","max-snippet":"max-snippet:-1","max-image-preview":"max-image-preview:large","max-video-preview":"max-video-preview:-1"},"canonical":"https:\/\/accentsst.com\/index.php\/contact\/","og_locale":"en_US","og_type":"article","og_title":"Contact - ACCENT SST - FORMATION SST EN LIGNE","og_description":"Contactez-nous pour des besoins en formation SST en ligne. Pr\u00e9cisez vos besoins de formation en sant\u00e9 et s\u00e9curit\u00e9 - R\u00e8glement du Qu\u00e9bec","og_url":"https:\/\/accentsst.com\/index.php\/contact\/","og_site_name":"ACCENT SST","article_modified_time":"2026-04-22T23:10:40+00:00","twitter_card":"summary_large_image","schema":{"@context":"https:\/\/schema.org","@graph":[{"@type":"WebPage","@id":"https:\/\/accentsst.com\/index.php\/contact\/","url":"https:\/\/accentsst.com\/index.php\/contact\/","name":"Contact - ACCENT SST - FORMATION SST EN LIGNE","isPartOf":{"@id":"https:\/\/accentsst.com\/#website"},"datePublished":"2025-07-04T02:30:05+00:00","dateModified":"2026-04-22T23:10:40+00:00","description":"Contactez-nous pour des besoins en formation SST en ligne. Pr\u00e9cisez vos besoins de formation en sant\u00e9 et s\u00e9curit\u00e9 - R\u00e8glement du Qu\u00e9bec","breadcrumb":{"@id":"https:\/\/accentsst.com\/index.php\/contact\/#breadcrumb"},"inLanguage":"en-US","potentialAction":[{"@type":"ReadAction","target":["https:\/\/accentsst.com\/index.php\/contact\/"]}]},{"@type":"BreadcrumbList","@id":"https:\/\/accentsst.com\/index.php\/contact\/#breadcrumb","itemListElement":[{"@type":"ListItem","position":1,"name":"Accueil","item":"https:\/\/accentsst.com\/"},{"@type":"ListItem","position":2,"name":"Contact"}]},{"@type":"WebSite","@id":"https:\/\/accentsst.com\/#website","url":"https:\/\/accentsst.com\/","name":"ACCENT SST","description":"","publisher":{"@id":"https:\/\/accentsst.com\/#organization"},"potentialAction":[{"@type":"SearchAction","target":{"@type":"EntryPoint","urlTemplate":"https:\/\/accentsst.com\/?s={search_term_string}"},"query-input":{"@type":"PropertyValueSpecification","valueRequired":true,"valueName":"search_term_string"}}],"inLanguage":"en-US"},{"@type":"Organization","@id":"https:\/\/accentsst.com\/#organization","name":"ACCENT SST","alternateName":"Accentsst","url":"https:\/\/accentsst.com\/","logo":{"@type":"ImageObject","inLanguage":"en-US","@id":"https:\/\/accentsst.com\/#\/schema\/logo\/image\/","url":"https:\/\/accentsst.com\/wp-content\/uploads\/2026\/04\/Logo-horizontal.png","contentUrl":"https:\/\/accentsst.com\/wp-content\/uploads\/2026\/04\/Logo-horizontal.png","width":500,"height":250,"caption":"ACCENT SST"},"image":{"@id":"https:\/\/accentsst.com\/#\/schema\/logo\/image\/"},"sameAs":["https:\/\/www.linkedin.com\/company\/accent-sst"]}]}},"_links":{"self":[{"href":"https:\/\/accentsst.com\/index.php\/wp-json\/wp\/v2\/pages\/80","targetHints":{"allow":["GET"]}}],"collection":[{"href":"https:\/\/accentsst.com\/index.php\/wp-json\/wp\/v2\/pages"}],"about":[{"href":"https:\/\/accentsst.com\/index.php\/wp-json\/wp\/v2\/types\/page"}],"author":[{"embeddable":true,"href":"https:\/\/accentsst.com\/index.php\/wp-json\/wp\/v2\/users\/1"}],"replies":[{"embeddable":true,"href":"https:\/\/accentsst.com\/index.php\/wp-json\/wp\/v2\/comments?post=80"}],"version-history":[{"count":8,"href":"https:\/\/accentsst.com\/index.php\/wp-json\/wp\/v2\/pages\/80\/revisions"}],"predecessor-version":[{"id":254,"href":"https:\/\/accentsst.com\/index.php\/wp-json\/wp\/v2\/pages\/80\/revisions\/254"}],"wp:attachment":[{"href":"https:\/\/accentsst.com\/index.php\/wp-json\/wp\/v2\/media?parent=80"}],"curies":[{"name":"wp","href":"https:\/\/api.w.org\/{rel}","templated":true}]}}